s 304 + 300101333?
300102142
In base 11, what is 7aa93 + -5684?
7540a
In base 6, what is -332 + 135514341?
135514005
In base 8, what is -3 - 336522424?
-336522427
In base 7, what is 101 - 1513030?
-1512626
In base 4, what is 12210 - 2110222?
-2032012
In base 6, what is -4 - -1110423521?
1110423513
In base 16, what is -10cb88 + -1a?
-10cba2
In base 13, what is -3c205 - 128?
-3c330
In base 6, what is 23232355 - 0?
23232355
In base 11, what is 3 + -355971?
-355969
In base 13, what is -992a2 + -98b?
-99c60
In base 7, what is 5 - 310462603?
-310462565
In base 3, what is -11 - -120222111012?
120222111001
In base 6, what is -11315005541 + 1?
-11315005540
In base 15, what is -7eb1 + -7b?
-803c
In base 4, what is 11023001023121 - 0?
11023001023121
In base 10, what is -16829 + -1073?
-17902
In base 4, what is -120 - 121231102311?
-121231103031
In base 16, what is -430 + 7dc9?
7999
In base 7, what is -550 - -154252?
153402
In base 12, what is 134 - -1a3b01?
1a4035
In base 16, what is -aae0d - 1d?
-aae2a
In base 9, what is 2413 - -182?
2605
In base 14, what is -c0d063 + -3?
-c0d066
In base 9, what is -2314 + 63252?
60837
In base 12, what is -36 - 1a1190?
-1a1206
In base 11, what is -4049852 + a?
-4049843
In base 2, what is -100 - 11011011111100110100000101?
-11011011111100110100001001
In base 10, what is -15362 - -48265?
32903
In base 12, what is -109 + -2a9598?
-2a96a5
In base 11, what is -92a3 + -1696?
-a989
In base 2, what is -111110000110111001001010111 + 0?
-111110000110111001001010111
In base 14, what is -a9774 - -49?
-a9729
In base 9, what is 6205 - -52331?
58536
In base 11, what is 3 + -31550749?
-31550746
In base 10, what is -980 - 83777?
-84757
In base 16, what is -2 - 12d1cc6?
-12d1cc8
In base 13, what is 423b559 + 14?
423b570
In base 7, what is 5 - -465243252?
465243260
In base 2, what is 100 + 1110100010110000101110?
1110100010110000110010
In base 10, what is -639248063 + 5?
-639248058
In base 2, what is -111 - -10101100011110110100111?
10101100011110110100000
In base 6, what is -1 - 51220051?
-51220052
In base 7, what is 51 + -15164441?
-15164360
In base 6, what is 135322425 + -12?
135322413
In base 14, what is -2378496 - 2?
-2378498
In base 9, what is 4522 + 415310?
420832
In base 2, what is 1000110001100101 - 10101100?
1000101110111001
In base 10, what is 4 + 181589274?
181589278
In base 11, what is -471 - a587?
-aa48
In base 8, what is 13 - -7167245?
7167260
In base 4, what is -230 + -1000333330?
-1001000220
In base 15, what is 2 + -2b9022?
-2b9020
In base 8, what is 4 - -13045712?
13045716
In base 8, what is 15137 + 363534?
400673
In base 15, what is 85 + -257ede?
-257e59
In base 4, what is 12113 - 110330100?
-110311321
In base 16, what is -4c7eb7a + -1?
-4c7eb7b
In base 12, what is 1083 - -1b4687?
1b574a
In base 15, what is -5a41 + -e8?
-5b39
In base 9, what is -1263 + -2068181?
-2070454
In base 7, what is 25 - 244012644?
-244012616
In base 8, what is 140017 + 447?
140466
In base 2, what is 11001000010110011101000 - 1011?
11001000010110011011101
In base 3, what is 11 - 212211112221101?
-212211112221020
In base 10, what is -3575 - -137226?
133651
In base 11, what is 29090 - 196?
289a5
In base 8, what is 3352360 + 4?
3352364
In base 12, what is -20973304 + -3?
-20973307
In base 6, what is 140050110 - 3?
140050103
In base 15, what is -991 - 3ede?
-4980
In base 9, what is -8 - -452478067?
452478058
In base 15, what is 27e447 + -b7?
27e380
In base 9, what is 5531812 - 37?
5531764
In base 13, what is -167713a + -20?
-167715a
In base 2, what is 10000101000101100110100 - -101?
10000101000101100111001
In base 12, what is -1633979 - -29?
-1633950
In base 14, what is -58 - -6d0b38?
6d0ac0
In base 3, what is 121212 + -220101200?
-212202211
In base 12, what is -13 + -b39863?
-b39876
In base 8, what is 113 + 467000?
467113
In base 16, what is -5b - 734e5c?
-734eb7
In base 8, what is -4104226612 + 5?
-4104226605
In base 7, what is 10343544 - -251?
10344125
In base 6, what is 321 - 50225154?
-50224433
In base 6, what is -11023045332 + -2?
-11023045334
In base 5, what is 411 - -1323124020?
1323124431
In base 11, what is 16 + -2743a68?
-2743a52
In base 13, what is 155692 + -27?
155668
In base 14, what is 4 - -611b81d?
611b823
In base 12, what is -40a1102 + -4?
-40a1106
In base 3, what is 11 - -10020202200102?
10020202200120
In base 10, what is 5 - 129603?
-129598
In base 10, what is -1 - 263445?
-263446
In base 5, what is -131 + 422031131?
422031000
In base 6, what is -554 - -2552303?
2551305
In base 11, what is -43 - -310431?
310399
In base 14, what is 241a - 48?
23b2
In base 15, what is e - -420be3?
420c02
In base 14, what is -5 + -c443428?
-c44342d
In base 4, what is 1110032012 + 1010?
1110033022
In base 11, what is -5 + -45181a8?
-4518202
In base 8, what is 60 + 126745?
127025
In base 12, what is -3a154259 - 1?
-3a15425a
In base 14, what is 9 + 126d9?
12704
In base 2, what is 10010001001111110001011 - -10?
10010001001111110001101
In base 2, what is 100101000010 - 1001000010010?
-100011010000
In base 13, what is -4 + -68cc34?
-68cc38
In base 6, what is 532 + -240340?
-235404
In base 12, what is -140b + 25ab?
11a0
In base 16, what is 2d7c + -d5?
2ca7
In base 2, what is 1010101101011010111010110 - 0?
1010101101011010111010110
In base 12, what is -3076a8b69 - 1?
-3076a8b6a
In base 6, what is -11425430 + 1045?
-11424341
In base 15, what is -b - 19246e3?
-19246ee
In base 2, what is -11110100001011000000 + 1011?
-11110100001010110101
In base 12, what is -5277766 - 4?
-527776a
In base 12, what is -8ab + 3b46?
3257
In base 8, what is -3 - -5606215?
5606212
In base 7, what is 260212 - 31150?
226032
In base 5, what is 0 - 1413443311?
-1413443311
In base 12, what is 27 - -335338?
335363
In base 9, what is 3801 - 84?
3706
In base 8, what is 0 + -2175251?
-2175251
In base 14, what is 57a139 + 1d4?
57a32d
In base 12, what is 1 + 270b1470?
270b1471
In base 8, what is -262576331 + -2?
-262576333
In base 6, what is -5030 - -322320?
313250
In base 14, what is -1131dbb6 + 3?
-1131dbb3
In base 8, what is -6555 - 77416?
-106173
In base 13, what is 25946b57 + 0?
25946b57
In base 2, what is -111110110101001001101010 - -110?
-111110110101001001100100
In base 3, what is -20 - 12201211121011?
-12201211121101
In base 3, what is -1012221 + 122101000?
121011002
In base 7, what is 1311 + 1211442?
1213053
In base 12, what is 2886 + -14b?
2737
In base 11, what is -1a + -a0085?
-a00a4
In base 8, what is -3117376 - -42?
-3117334
In base 13, what is -147c6 + -18b9?
-163b2
In base 15, what is -ba - 11ed2?
-1209c
In base 14, what is -5 + -957c93?
-957c98
In base 12, what is 11ab30480 + 3?
11ab30483
In base 4, what is 11131321121123 - 20?
11131321121103
In base 16, what is 10efb02 + 3?
10efb05
In base 8, what is 2453171 + 25?
2453216
In base 3, what is 10102002001110002 + -10?
10102002001102222
In base 7, what is -2200102346 + 2?
-2200102344
In base 6, what is -33445 - 31440?
-105325
In base 16, what is -4 + 989bc?
989b8
In base 13, what is 46b2 + -1447?
3268
In base 10, what is -78084820 + -3?
-78084823
In base 10, what is 4746090 - 4?
4746086
In base 15, what is 173d381 + -4?
173d37c
In base 7, what is -2001110353 + 3?
-2001110350
In base 10, what is 124075802 + 4?
124075806
In base 14, what is -1d24a + 57?
-1d1d3
In base 8, what is 5702523 - 5?
5702516
In base 2, what is -110000000000 - -1000011011100?
10011011100
In base 12, what is -109a52 + -15?
-109a67
In base 3, what is -20112111121021 + 0?
-20112111121021
In base 14, what is cd + ad26?
b015
In base 11, what is -15512269 - -3?
-15512266
In base 12, what is -3070 + b77?
-20b5
In base 3, what is 12 + 1102221122120111?
1102221122120200
In base 15, what is -bbd - -657a?
58ac
In base 13, what is 1 - -182b46?
182b47
In base 4, what is 120030111031312 + -11?
120030111031301
In base 3, what is -200201001201121 - -10001?
-200201001121120
In base 2, what is -11 - 10000110111001101101101101001?
-10000110111001101101101101100
In base 16, what is 7818e9 + 22?
78190b
In base 3, what is -20221100200112021 - 2?
-20221100200112100
In base 3, what is 201220101200 - -20?
201220101220
In base 16, what is 1 - 11b753?
-11b752
In base 15, what is -2 + 40d6378?
40d6376
In base 16, what is 410f + -225?
3eea
In base 2, what is 100010100010110100101 + 